{"id":14,"date":"2015-12-07T22:00:53","date_gmt":"2015-12-07T21:00:53","guid":{"rendered":"http:\/\/www.s\u00e4ttraboule.se\/?page_id=14"},"modified":"2021-05-24T20:01:56","modified_gmt":"2021-05-24T18:01:56","slug":"kalender","status":"publish","type":"page","link":"https:\/\/www.sattraboule.se\/?page_id=14","title":{"rendered":"Kalender"},"content":{"rendered":"<p>\u00a0<\/p>\n<table dir=\"ltr\" style=\"height: 733px;\" border=\"1\" width=\"365\" cellspacing=\"0\" cellpadding=\"0\"><colgroup><col width=\"54\" \/><col width=\"100\" \/><col width=\"100\" \/><\/colgroup>\n<tbody>\n<tr>\n<td data-sheets-value=\"{&quot;1&quot;:2,&quot;2&quot;:&quot;L\u00f6rdag&quot;}\">L\u00f6rdag<\/td>\n<td data-sheets-value=\"{&quot;1&quot;:3,&quot;3&quot;:44352}\" data-sheets-numberformat=\"{&quot;1&quot;:5,&quot;2&quot;:&quot;d mmmm&quot;,&quot;3&quot;:1}\">5 juni<\/td>\n<td>\u00a0<\/td>\n<\/tr>\n<tr>\n<td data-sheets-value=\"{&quot;1&quot;:2,&quot;2&quot;:&quot;L\u00f6rdag&quot;}\">L\u00f6rdag<\/td>\n<td data-sheets-value=\"{&quot;1&quot;:3,&quot;3&quot;:44359}\" data-sheets-numberformat=\"{&quot;1&quot;:5,&quot;2&quot;:&quot;d mmmm&quot;,&quot;3&quot;:1}\">12 juni<\/td>\n<td>\u00a0<\/td>\n<\/tr>\n<tr>\n<td data-sheets-value=\"{&quot;1&quot;:2,&quot;2&quot;:&quot;L\u00f6rdag&quot;}\">L\u00f6rdag<\/td>\n<td data-sheets-value=\"{&quot;1&quot;:3,&quot;3&quot;:44366}\" data-sheets-numberformat=\"{&quot;1&quot;:5,&quot;2&quot;:&quot;d mmmm&quot;,&quot;3&quot;:1}\">19 juni<\/td>\n<td data-sheets-value=\"{&quot;1&quot;:2,&quot;2&quot;:&quot;Abbonerat av AIK&quot;}\">\n<div>\n<div>Abbonerat av AIK<\/div>\n<\/div>\n<\/td>\n<\/tr>\n<tr>\n<td data-sheets-value=\"{&quot;1&quot;:2,&quot;2&quot;:&quot;Onsdag&quot;}\">Onsdag<\/td>\n<td data-sheets-value=\"{&quot;1&quot;:3,&quot;3&quot;:44370}\" data-sheets-numberformat=\"{&quot;1&quot;:5,&quot;2&quot;:&quot;d mmmm&quot;,&quot;3&quot;:1}\">23 juni<\/td>\n<td data-sheets-value=\"{&quot;1&quot;:2,&quot;2&quot;:&quot;Fotbollsevent EM, Sverige Polen 18:00. Kl\u00e4 midsommarst\u00e5ng 17:00&quot;}\">\n<div>\n<div>Fotbollsevent EM, Sverige Polen 18:00. Kl\u00e4 midsommarst\u00e5ng 17:00<\/div>\n<\/div>\n<\/td>\n<\/tr>\n<tr>\n<td data-sheets-value=\"{&quot;1&quot;:2,&quot;2&quot;:&quot;L\u00f6rdag&quot;}\">L\u00f6rdag<\/td>\n<td data-sheets-value=\"{&quot;1&quot;:3,&quot;3&quot;:44373}\" data-sheets-numberformat=\"{&quot;1&quot;:5,&quot;2&quot;:&quot;d mmmm&quot;,&quot;3&quot;:1}\">26 juni<\/td>\n<td>\u00a0<\/td>\n<\/tr>\n<tr>\n<td data-sheets-value=\"{&quot;1&quot;:2,&quot;2&quot;:&quot;L\u00f6rdag&quot;}\">L\u00f6rdag<\/td>\n<td data-sheets-value=\"{&quot;1&quot;:3,&quot;3&quot;:44380}\" data-sheets-numberformat=\"{&quot;1&quot;:5,&quot;2&quot;:&quot;d mmmm&quot;,&quot;3&quot;:1}\">3 juli<\/td>\n<td>\u00a0<\/td>\n<\/tr>\n<tr>\n<td data-sheets-value=\"{&quot;1&quot;:2,&quot;2&quot;:&quot;Onsdag&quot;}\">Onsdag<\/td>\n<td data-sheets-value=\"{&quot;1&quot;:3,&quot;3&quot;:44384}\" data-sheets-numberformat=\"{&quot;1&quot;:5,&quot;2&quot;:&quot;d mmmm&quot;,&quot;3&quot;:1}\">7 juli<\/td>\n<td>\u00a0<\/td>\n<\/tr>\n<tr>\n<td data-sheets-value=\"{&quot;1&quot;:2,&quot;2&quot;:&quot;L\u00f6rdag&quot;}\">L\u00f6rdag<\/td>\n<td data-sheets-value=\"{&quot;1&quot;:3,&quot;3&quot;:44387}\" data-sheets-numberformat=\"{&quot;1&quot;:5,&quot;2&quot;:&quot;d mmmm&quot;,&quot;3&quot;:1}\">10 juli<\/td>\n<td>\u00a0<\/td>\n<\/tr>\n<tr>\n<td data-sheets-value=\"{&quot;1&quot;:2,&quot;2&quot;:&quot;Onsdag&quot;}\">Onsdag<\/td>\n<td data-sheets-value=\"{&quot;1&quot;:3,&quot;3&quot;:44391}\" data-sheets-numberformat=\"{&quot;1&quot;:5,&quot;2&quot;:&quot;d mmmm&quot;,&quot;3&quot;:1}\">14 juli<\/td>\n<td>\u00a0<\/td>\n<\/tr>\n<tr>\n<td data-sheets-value=\"{&quot;1&quot;:2,&quot;2&quot;:&quot;L\u00f6rdag&quot;}\">L\u00f6rdag<\/td>\n<td data-sheets-value=\"{&quot;1&quot;:3,&quot;3&quot;:44394}\" data-sheets-numberformat=\"{&quot;1&quot;:5,&quot;2&quot;:&quot;d mmmm&quot;,&quot;3&quot;:1}\">17 juli<\/td>\n<td>\u00a0<\/td>\n<\/tr>\n<tr>\n<td data-sheets-value=\"{&quot;1&quot;:2,&quot;2&quot;:&quot;Onsdag&quot;}\">Onsdag<\/td>\n<td data-sheets-value=\"{&quot;1&quot;:3,&quot;3&quot;:44398}\" data-sheets-numberformat=\"{&quot;1&quot;:5,&quot;2&quot;:&quot;d mmmm&quot;,&quot;3&quot;:1}\">21 juli<\/td>\n<td>\u00a0<\/td>\n<\/tr>\n<tr>\n<td data-sheets-value=\"{&quot;1&quot;:2,&quot;2&quot;:&quot;L\u00f6rdag&quot;}\">L\u00f6rdag<\/td>\n<td data-sheets-value=\"{&quot;1&quot;:3,&quot;3&quot;:44401}\" data-sheets-numberformat=\"{&quot;1&quot;:5,&quot;2&quot;:&quot;d mmmm&quot;,&quot;3&quot;:1}\">24 juli<\/td>\n<td data-sheets-value=\"{&quot;1&quot;:2,&quot;2&quot;:&quot;Byaboule&quot;}\">Byaboule<\/td>\n<\/tr>\n<tr>\n<td data-sheets-value=\"{&quot;1&quot;:2,&quot;2&quot;:&quot;Onsdag&quot;}\">Onsdag<\/td>\n<td data-sheets-value=\"{&quot;1&quot;:3,&quot;3&quot;:44405}\" data-sheets-numberformat=\"{&quot;1&quot;:5,&quot;2&quot;:&quot;d mmmm&quot;,&quot;3&quot;:1}\">28 juli<\/td>\n<td>\u00a0<\/td>\n<\/tr>\n<tr>\n<td data-sheets-value=\"{&quot;1&quot;:2,&quot;2&quot;:&quot;-&quot;}\">&#8211;<\/td>\n<td data-sheets-value=\"{&quot;1&quot;:2,&quot;2&quot;:&quot;Helikopter v30&quot;}\">Helikopter v30<\/td>\n<td>\u00a0<\/td>\n<\/tr>\n<tr>\n<td data-sheets-value=\"{&quot;1&quot;:2,&quot;2&quot;:&quot;L\u00f6rdag&quot;}\">L\u00f6rdag<\/td>\n<td data-sheets-value=\"{&quot;1&quot;:3,&quot;3&quot;:44408}\" data-sheets-numberformat=\"{&quot;1&quot;:5,&quot;2&quot;:&quot;d mmmm&quot;,&quot;3&quot;:1}\">31 juli<\/td>\n<td>\u00a0<\/td>\n<\/tr>\n<tr>\n<td data-sheets-value=\"{&quot;1&quot;:2,&quot;2&quot;:&quot;L\u00f6rdag&quot;}\">L\u00f6rdag<\/td>\n<td data-sheets-value=\"{&quot;1&quot;:3,&quot;3&quot;:44415}\" data-sheets-numberformat=\"{&quot;1&quot;:5,&quot;2&quot;:&quot;d mmmm&quot;,&quot;3&quot;:1}\">7 augusti<\/td>\n<td>\u00a0<\/td>\n<\/tr>\n<tr>\n<td data-sheets-value=\"{&quot;1&quot;:2,&quot;2&quot;:&quot;L\u00f6rdag&quot;}\">L\u00f6rdag<\/td>\n<td data-sheets-value=\"{&quot;1&quot;:3,&quot;3&quot;:44422}\" data-sheets-numberformat=\"{&quot;1&quot;:5,&quot;2&quot;:&quot;d mmmm&quot;,&quot;3&quot;:1}\">14 augusti<\/td>\n<td>\u00a0<\/td>\n<\/tr>\n<tr>\n<td data-sheets-value=\"{&quot;1&quot;:2,&quot;2&quot;:&quot;L\u00f6rdag&quot;}\">L\u00f6rdag<\/td>\n<td data-sheets-value=\"{&quot;1&quot;:3,&quot;3&quot;:44429}\" data-sheets-numberformat=\"{&quot;1&quot;:5,&quot;2&quot;:&quot;d mmmm&quot;,&quot;3&quot;:1}\">21 augusti<\/td>\n<td>\u00a0<\/td>\n<\/tr>\n<tr>\n<td data-sheets-value=\"{&quot;1&quot;:2,&quot;2&quot;:&quot;L\u00f6rdag&quot;}\">L\u00f6rdag<\/td>\n<td data-sheets-value=\"{&quot;1&quot;:3,&quot;3&quot;:44436}\" data-sheets-numberformat=\"{&quot;1&quot;:5,&quot;2&quot;:&quot;d mmmm&quot;,&quot;3&quot;:1}\">28 augusti<\/td>\n<td>\u00a0<\/td>\n<\/tr>\n<\/tbody>\n<\/table>\n<p>\u00a0<\/p>\n\n\n<p><\/p>\n","protected":false},"excerpt":{"rendered":"<p>\u00a0 L\u00f6rdag 5 juni \u00a0 L\u00f6rdag 12 juni \u00a0 L\u00f6rdag 19 juni Abbonerat av AIK Onsdag 23 juni Fotbollsevent EM, Sverige Polen 18:00. Kl\u00e4 midsommarst\u00e5ng 17:00 L\u00f6rdag 26 juni \u00a0 L\u00f6rdag 3 juli \u00a0 Onsdag 7 juli \u00a0 L\u00f6rdag 10 juli \u00a0 Onsdag 14 juli \u00a0 L\u00f6rdag 17 juli \u00a0 Onsdag 21 juli \u00a0 L\u00f6rdag&#8230;<\/p>\n","protected":false},"author":1,"featured_media":0,"parent":0,"menu_order":0,"comment_status":"closed","ping_status":"closed","template":"","meta":{"footnotes":""},"_links":{"self":[{"href":"https:\/\/www.sattraboule.se\/index.php?rest_route=\/wp\/v2\/pages\/14"}],"collection":[{"href":"https:\/\/www.sattraboule.se\/index.php?rest_route=\/wp\/v2\/pages"}],"about":[{"href":"https:\/\/www.sattraboule.se\/index.php?rest_route=\/wp\/v2\/types\/page"}],"author":[{"embeddable":true,"href":"https:\/\/www.sattraboule.se\/index.php?rest_route=\/wp\/v2\/users\/1"}],"replies":[{"embeddable":true,"href":"https:\/\/www.sattraboule.se\/index.php?rest_route=%2Fwp%2Fv2%2Fcomments&post=14"}],"version-history":[{"count":12,"href":"https:\/\/www.sattraboule.se\/index.php?rest_route=\/wp\/v2\/pages\/14\/revisions"}],"predecessor-version":[{"id":831,"href":"https:\/\/www.sattraboule.se\/index.php?rest_route=\/wp\/v2\/pages\/14\/revisions\/831"}],"wp:attachment":[{"href":"https:\/\/www.sattraboule.se\/index.php?rest_route=%2Fwp%2Fv2%2Fmedia&parent=14"}],"curies":[{"name":"wp","href":"https:\/\/api.w.org\/{rel}","templated":true}]}}